 + 46 + -1?
41
What is the value of 7 - 15 - (-22 + 1 + 16 - (4 + -6))?
-5
Evaluate -14 + 17 + -9 + (4 - (7 - (-40 - -8))).
-41
What is (5 - -34) + -10 + (-2 - -4 - (-14 + 24))?
21
What is the value of -7 + 0 + -14 + (176 - (64 + -30))?
121
(3 - -2) + (78 - 26 - 40) + (-2 - 11)
4
14 + (7 - (10 + 8) - -2) + (70 - 2)
73
Evaluate -1 + 49 + (342 - 355) - -2.
37
-6 - (21 + (-8 - 3 - 12) + -111)
107
-133 + 173 + -22 + 3 + -6
15
50 + -264 + -4 + 103
-115
12 + -20 + -29 + 7 + (7 - 4 - 3)
-30
Evaluate (-102 - (-235 - -117)) + 2 + -3 + -12 + 97.
100
Calculate -45 - (40 + -3 - (-111 + 134)).
-59
What is 28 + (2 - 7) + 6 + (-71 - -73)?
31
-15 - (-20 - (-12 - -57)) - -8
58
What is (-16 - 6 - 0) + -6 + -18?
-46
What is -2 + 9 + 0 + (8 - 11) - (-1 - -2)?
3
Calculate (15 - -42) + 24 + -18 + (-2 - 6 - -8).
63
-21 - (-4 + 2) - ((-32 - (5 - 7)) + 28)
-17
What is (91 - -30) + -23 - (36 + -6)?
68
Calculate -3 + 8 + (-2 + 21 + -10 + 3 - 11).
6
What is -44 + 4 + (-610 - -648)?
-2
Evaluate -3 - (74 - (9 + (5 - 9)) - (73 - 61)).
-60
-3 + 1 + -3 - (83 - 142 - -51)
3
Calculate -1 + 110 + -102 + 370 + -287.
90
Evaluate -4 + 1 - (-232 - -209).
20
What is the value of 3678 + -3631 - (86 - -1)?
-40
Evaluate 0 - (13 + 2) - (11 - (6 - 27)).
-47
Evaluate -15 - (19 - (57 - 44) - 20).
-1
What is -46 + ((1 + -5 - -4) + -4 + 2 - 6)?
-54
Evaluate 7 + (-54 + 8 - -30) + -2 + 10 + 87.
86
Evaluate 0 + 81 - (9889 - 9810).
2
Evaluate -22 + -39 - (6 - -4 - 9 - 0).
-62
(7 + (-9 - 61) - -20) + (5 - -2) + 11
-25
What is ((-10 - -19 - 6) + -9 - -88) + -50 + 39?
71
What is the value of (5 - 5 - -22) + (-3 - 7) + -10?
2
Calculate 95 - 4 - (12 - 28).
107
32 - 5 - 10 - 65 - 19
-67
Calculate (-15 - -1) + 518 + -520.
-16
What is the value of 730 + -681 - (-32 - 4)?
85
Calculate 8 + (16 - -12) - (-14 + 20).
30
Calculate -34 + (-77 - (29 - 67)).
-73
Calculate -53 + -2 + -19 + 135.
61
What is the value of (28 - 15 - -3 - 112) + 25?
-71
Calculate 67 + 21 + (168 - 237).
19
Calculate (40 - 74 - -15) + 18.
-1
Calculate 0 + 23 + (59 - (463 + -239)).
-142
Calculate (134 - -7 - 135) + -120.
-114
What is 49 + -66 + 32 - -88?
103
What is the value of 1962 - 1975 - (0 - (-3 + 6))?
-10
Evaluate -4 + (-3 - -3) + (-9 - -11) + -184 + 82.
-104
Calculate -4 + -1 - (72 - (-35 - (-35 - 16))).
-61
Calculate (59 - 43) + (2 - -6) + -8 - -2.
18
Calculate -63 + (30 - 7 - (13 + 1)).
-54
What is (8 - 36) + -64 - -36?
-56
Evaluate 1 - ((2 - 15) + -5) - 15.
4
Calculate 150 + -94 + (-20 + 14 - -9).
59
Calculate -49 + 56 + 18 - 42.
-17
-3 + -40 + -70 + 91 + 2
-20
What is (-52 - (-149 + 124)) + (7 + 1 - 1)?
-20
5 + 24 + 85 - 219
-105
Calculate 73 + 2 - (-15 + -2 - -18 - (11 - 14)).
71
-167 + 117 - -15 - (-27 + 2)
-10
What is -32 + -68 - (-48 - -16)?
-68
-1 + 64 + 2 + (9 - ((-1 - 0) + 14))
61
Calculate (-1 - -26) + (20 - (-12 + 26) - (-7 + 19)).
19
Calculate (-20 - 33) + 36 + 7 + -2 + -102.
-114
Evaluate 18 + 2 + (-27 - -2) - (-47 + -1).
43
11 + -56 + (3 + (2 - -2) - (-8 - -17))
-47
7 + (-123 - -64) + -50
-102
131 + -82 + -67 + 43
25
What is the value of -1 - 48 - (-4 - (-8 + -3) - 3)?
-53
Evaluate (-129 - -106) + (-1 - 19).
-43
What is 1 + -4 + (-109 + 54 - -55) - (-1 + -49)?
47
Calculate -32 - ((69 + -12 - 19) + -33).
-37
What is 131 + -116 - ((1 - (4 + -7)) + 80)?
-69
What is -1 + -1 + (-33 - -2) + (-97 + -13 - -99)?
-44
Calculate (43 - -12) + -6 - -13.
62
Evaluate -45 + 29 - (0 - ((11 - 5) + 99)).
89
Evaluate 20 - (-29 - (21 + 7)).
77
Calculate (-3 - 28) + -14 + (-112 - -82).
-75
What is the value of -46 + 13 + -16 + 10 + 2?
-37
What is the value of 26 + (6 + -13 + (-1 - -14) - 3) + -9?
20
-7 + 9 + 6 + 13 + -42
-21
Calculate 112 + -30 + -117 - -80.
45
What is -15 - (-5 + 28 - (-13 + 26)) - 12?
-37
What is -95 - ((82 - 36) + -101)?
-40
Calculate 72 - (60 - (-64 - -39)).
-13
What is the value of (8 + (8 + 1 - 19) - 10) + (-1 - 3)?
-16
89 + (-164 - -57) - 6
-24
What is 0 + (-2 + 15 - 19)?
-6
Evaluate (-6 - 2) + (-172 + 83 - -66).
-31
Evaluate (120 - 175) + (103 - 3) + (0 - 18).
27
Calculate 6 + (1 - 8) + (-31 - ((5 - 2) + -5)).
-30
What is the value of 105 - (-63 - -168) - (1 + -2 + 39 + 2)?
-40
Calculate (-12 - (4 + (7 - 0) + -20 + 5)) + -20.
-28
What is 11 + (-3 - 4) + (-13 - 0)?
-9
Calculate -14 - (-18 - 10) - (3 - -16) - 58.
-63
(-43 - -87) + -112 - -43
-25
Calculate -6 + 19 - (6 + -5 + (7 - 9)) - -23.
37
Calculate 13 - (-19 + (6 - 8 - -14)).
20
What is -19 + 59 - (13 + (11 - 7)) - -117?
140
What is the value of -69 + -17 + (-260 - -288)?
-58
What is the value of (-1221 - -1288) + (-135 - 0)?
-68
Calculate (10 - 25) + 15 + -8 + 30 + 11.
33
What is the value of 10 - (8 + (29 - 27) + (0 + -4 - -4))?
0
Calculate -18 + 6 + 3 + -21 + 8.
-22
9967 + -10026 - ((-2 - -11 - 2) + 0)
-66
What is 108 + (14 - -29) + -95?
56
What is -29 + (14 - (-95 + 47))?
33
Evaluate -8 - ((-57 - -21) + 21 - -23).
-16
Calculate (-8 - (-9 + 21) - -6) + (-2 - 37).
-53
Evaluate -112 + (-15 - -71) - -9.
-47
What is 2 + (13 - 12) + (-9 - (-13 + 6))?
1
Evaluate 3 + -60 + (23 + -9 - 10 - (-1 - -5)).
-57
What is (50 - -90) + -195 - -3?
-52
What is the value of 22 + 28 + (-14 - (12 - 6))?
30
Calculate (0 + 0 - 2) + (-112 - (65 - 42 - 51)).
-86
42 + (162 - 108) + -122
-26
What is 20 - (-44 + 22 - -21) - 18?
3
What is (-14 + 2 + -1 - (173 + -216)) + -13?
17
Evaluate -21 + -1 + 19 + (-4 - (9 - 5)) + 24.
13
What is the value of (-14 - (66 - (-15 + 4))) + (-1 - -6)?
-86
What is the value of 22 + 67 + -38 - 27 - (6 + 72)?
-54
What is 20 + 37 - 85 - -57?
29
Calculate 2227 - 2439 - (-132 - 5).
-75
What is the value of 133 - (391 - 162) - -253?
157
Calculate (-8 - -12) + -4 + 8 + -5 + -5.
-2
Evaluate (-1 - 0 - (38 - (48 + -24))) + 29.
14
Evaluate 13 + (6 + -36 + 7 - (-3 + 1 - -9)).
-17
Evaluate 6 + (4 - 0) + -20 + 30 - 6.
14
What is -33 + -3 + (50 - (53 - -3))?
-42
299 + -306 + 1 + 5 + -2 + 16
13
What is -8 - ((-2 - 0) + -10 + 3 + 13)?
-12
What is the value of 17 - (-10 - (-18 + (-10 - -33) + -83))?
-51
What is 0 + 23 - -64 - 20 - (-3 - -4)?
66
What is the value of 1 - (-6 + -4) - (-11 - (4 + -7 + -19))?
0
80 + 6 + -6 + -18 + -42 + 56
76
Calculate (-16 + -8 - -89) + (20 - 36).
49
What is (11 - -6) + -33 + -6 + -16 + (39 - 2)?
-1
What is the value of -3 + 2 - 42 - (261 - 262)?
-42
What is 365 + -385 + (168 - 13)?
135
Evaluate (2 - -129) + -2 - (-8 - 81 - -89) - 13.
116
Evaluate 28 + (26 - (12 + 5 + (-8 - -1))) - -15.
59
Evaluate -38 + (16 - 9) + 0 + (-1 - 10) + 5.
-37
-24 + 11 - (11 + (15 - 14) - 4)
-21
What is (-11 - 6 - -14) + -5 + -78 + (2 - 3)?
-87
What is the value of -43 + 76 + -36 + -16?
-19
Evaluate 377 + -373 - (-3 + -41) - 31.
17
-20 - (13 + (-2 - 14) + 6)
-23
Calculate -30 + -14 + -22 + 80.
14
What is the value of (-15 - (-9 + -13)) + -20 - (-31 + -4)?
22
(-143 - 3) + (12 - 38) + 40
-132
What is 40 + 8 - 24 - 9?
15
(458 - 477) + -32 + 5
-46
Evaluate 4 - (-3 - 22 - (3 - (-21 + 24))).
29
What is the value of 6 - 34 - 8 - -25 - -59?
48
Calculate (0 - -18 - (20 + 3)) + (3 - 31).
-33
(-23 + 2 - -2) + (956 - 943) + 22
16
Calculate (574 - 566) + 1 + -33 - -50.
26
What is -1 - -31 - (1 - (-30 + 17))?
16
43 - (-1 + (-5 - -117))
-68
What is -8 - (0 - (13 - (10 + 11)) - (-3 + -7))?
-26
What is the value of 117 - ((-126 - -141) + 89)?
13
Calculate (-1 - -120) + (6442 - 6484).
77
Evaluate 16 - 1 - (1 + -2 + 7 + -72).
81
What is the value of (-1 - -35) + 117 + 106 + -193?
64
-11 - ((-373 - -381) + (0 - 4) + 8 + 6)
-29
-33 - (-1 - (12 - 14))
-34
Evaluate (26 + (-21 - -7) - 17) + (10 - -123).
128
What is the value of -152 + 105 + 104 + (0 - 22)?
35
Calculate (25 - 39 - 0) + -38.
-52
Evaluate 7 - (-30 + (4 - 1) + 26 + -25).
33
What is the value of -39 - 13 - -47 - 0?
-5
What is the value of (-30 + 19 - -54) + (-7 - -13)?
49
Evaluate (-87 - -255 - 254) + (-1 - -1) + 14.
-72
What is 8 - (5 - -5) - (-18 + 8 + -21)?
29
Calculate (15 - (35 + (4 - 6 - 8))) + 18.
8
What is -11 - (3 - 7) - (0 + -18 + -4)?
15
What is the value of 3 + (-46 - (-95 - -2))?
50
Calculate -3 + (-26 - 1) + (19 - -13).
2
What is the value of 20 + -16 + 12 - (24 + (-6 - 2))?
0
What is the value of -91 + (199 - 115) + -2?
-9
What is the value of 24 + (-19 + -20 - 28 - -29)?
-14
Evaluate -40 + 8 + -7 + (10 - 10 - -7) + 1.
-31
What is the value of (0 - -4) + (-1 - 6) + -96 + -8 + 7?
-100
-17 + 43 + -29 + 6
3
Calc